of -228 - -196 - (-13 - (2 - 1))?
-18
What is the value of -3 + -2 + -21 + (-13 - -31)?
-8
What is the value of (-3 - -8 - (-10 + 14)) + -2 + -7?
-8
Evaluate 3 + -2 + 3 + (-6 - 1) + 6.
3
What is the value of -13 - (-3 - 0 - 19) - (-2 + 1)?
10
-1163 - -1204 - (11 + 1)
29
Evaluate 18 + -24 + 7 + -1.
0
Evaluate 9 - (7 + -2 + 16) - 14.
-26
What is (-13 - -13) + 14 + -26?
-12
Evaluate -19 - (-6 - (5 + -3 + -1 - 1)).
-13
Calculate 0 + -17 - ((-79 - -89) + -12 + -2).
-13
Calculate (-1 + -1 - (72 - 68)) + -8 - 4.
-18
0 - (29 + -35 + 17) - -33
22
What is the value of 2 - -11 - -3 - (8 - 7 - -4)?
11
Calculate (32 + -15 - 23) + 17.
11
Evaluate -10 + (4 - (-7 - -13)).
-12
Calculate -1 + (9 - 27) - -22.
3
Calculate 2 + 17 + (2 - (8 - (10 + 1))).
24
What is 7 - (-4 + (-7 - -8)) - -5?
15
Calculate -8 + 10 + 1 - (1 - -7).
-5
Calculate (-16 - -21) + 0 - (-4 + -17 - -4).
22
Calculate (1 + -1 - 3) + (-26 - -28) + -1.
-2
What is 7 - (2 + -8 - (-11 + 0))?
2
Evaluate 30 - (52 - (10 - -13)).
1
What is the value of (6 - 3) + 4 + -2 - (69 + -75)?
11
Calculate (-2 - 1) + 9 + (-53 - -17) + 41.
11
What is the value of -26 + 23 - (0 + 5)?
-8
What is the value of 21 + (-3 - 24) + 5?
-1
Evaluate 6 + (4 + 2 - (18 - 9)) + 8.
11
What is the value of 2 - (-4 + 8 + 3 - 4)?
-1
Evaluate 0 - 0 - (-624 + 612).
12
What is the value of 9 - (-14 + 9 + 11) - -6?
9
16 + (1 - 15) + 4
6
Calculate 3 + (5 - (5 + 1)).
2
7 - 1 - (-11 - (-12 + (-7 - -1)))
-1
What is 21 + (-20 - 3) - (0 + 9)?
-11
What is -2 - (-14 + 8 + -8 - -8)?
4
-4 + (-4 - 2 - (0 - 4)) + 6
0
What is -13 + (-1 - 6 - (-5 + -7))?
-8
What is 2 + 1 + 3 - (5 - -4)?
-3
Calculate 10 + (2 - (10 + (4 - -8))).
-10
(4 - (-48 - 3)) + -25 + 8
38
Calculate 20 + -19 - (2 + 3 + 7).
-11
-24 - -22 - (-1 + 21 + -2) - -7
-13
What is -27 + ((13 - 11) + 2 - -8)?
-15
What is 5 - (14 - (-3 + 1 + -37 + 41))?
-7
What is the value of -3 + 4 + -13 - 0?
-12
What is (0 - (-10 + 16)) + -6 + 27?
15
What is -4 - -5 - 0 - (7 + -2)?
-4
What is the value of (0 - -12) + (-6 - ((9 - 2) + -11))?
10
Calculate -15 + (-10 - (-10 + 17 + -18)) - 10.
-24
Calculate -15 - (6 - (-1 + 5)) - (85 - 74).
-28
What is the value of 13 + -12 - (-4 + -21)?
26
(-781 - -793) + (-6 + 0 - -1)
7
What is (-5 - -4 - 2) + 0 - -8?
5
Evaluate -1 + 1 - ((-16 - -27 - -10) + -49).
28
What is 6 + (-7 - (11 - 9)) + -10 + -4?
-17
What is -9 + 20 + 3 + -3 + -8 + 2?
5
Evaluate 9 - 13 - -11 - (14 - 0) - 0.
-7
What is -4 + (7 + -6 - 5) - -8?
0
What is the value of -7 - (-5 + -5 + (-2 - 1) - 3)?
9
5 - (16 - (7 + 3))
-1
Evaluate (25 - 1) + (-33 - 7 - -35).
19
What is (8 - 4) + -14 + (12 - -4 - 7)?
-1
What is the value of -2 + -1 + (-13 + 14 - (1 - -2))?
-5
Evaluate -365 + 361 + (1 - 29).
-32
What is (6 - (-8 + 4)) + -3 - -2?
9
Calculate -10 + (15 + -10 - -10) - 2.
3
Calculate (2 - -18) + (5 - (-16 + 30)).
11
What is the value of 24 - (-33 - (-58 + 2))?
1
What is (1 - -1 - 4) + (-6 - (34 + -31))?
-11
(10 - 20) + (21 - 11) + -7
-7
(0 - -11) + -14 + (-6 - -34) + 0
25
What is -5 - -26 - 0 - (22 + (-1 - 16))?
16
Evaluate -2 + 1 - (-90 - -79) - (-14 + 22).
2
What is 12 + 16 + -31 + 11?
8
What is 15 - (7 + (0 - 3) + -21 + 22)?
10
Evaluate 12 + (-6 + 20 + -9 - 26).
-9
-4 - (6 + 2 + -6 + (-8 - -10))
-8
What is the value of -25 - (-102 + 26 + 15)?
36
Evaluate -1 + (121 - 127) + -7 + -2.
-16
Calculate 9 + (9 - 13) + -5.
0
15 - (2 + 0) - (-28 + -24 + 48)
17
5 + (-20 - -8) + 9 + -8
-6
20 - (4 + -6 + 26)
-4
-6 + (10 - 16) - -26
14
Evaluate (31 - (5 + 0)) + (-117 - -124).
33
Calculate 15 + 3 + -2 + 12 + -14.
14
What is the value of 2 + -21 + -13 + 18 + 4 + -2?
-12
What is the value of (-27 - (25 + -56)) + -27?
-23
What is the value of (-8 + -1 - -16) + -7?
0
Evaluate (0 - -22) + -58 + 52 - 3.
13
(29 + -10 - 10) + 3 + -3
9
What is (-10 - -25) + -8 - 5?
2
15 + -60 + (-34 - -63)
-16
What is -8 - (7 + -26 - -11)?
0
Evaluate 0 - (-29 - (-30 - -8)).
7
Evaluate (-6 - (6 - (-8 + 22))) + -2 + -3.
-3
-17 + 26 - ((15 - 0) + 0)
-6
(-1 - -10 - (127 - 107)) + (0 - 3)
-14
Calculate -31 + (49 + 26 - 23).
21
(71 - 70) + -17 + 1 + -12 + 13
-14
4 + (3 + -8 - 11) + 25
13
Calculate 18 + -1 + (-130 - -127) + (-2 - 1).
11
What is the value of (51 - 51 - (5 - -4)) + 2?
-7
7 + (-6 + 3 - -11) + -16
-1
What is (7 - -2 - 6 - 9) + (1 - 8)?
-13
What is the value of 0 + (10 - 22) + 7 + 9 + -29?
-25
Calculate -34 + (-18 - -22) + 13.
-17
What is the value of (-6 - 6) + (0 - -10)?
-2
-65 - -92 - (11 + -6)
22
9 - (-1 + 2) - 34 - (-10 + 1)
-17
What is 2 + (-38 - (-17 - 4))?
-15
What is 0 - -5 - (36 + -3 - 36)?
8
Evaluate -9 + 12 + -6 + -6.
-9
13 - ((58 - 43) + -29)
27
What is (-7 + 6 - (2 - 4)) + 7?
8
What is the value of (3 - -1) + (10 - 22) + -4?
-12
What is 42 + -46 + 4 + -3 + 16?
13
What is -18 + 2 + (1 - -1) + 1 + 1?
-12
What is -12 + 1 - (37 + -23)?
-25
11 - 1 - ((45 - 84) + 31)
18
Evaluate -4 - 0 - ((54 - 50) + 3 + -9).
-2
-2 - (-24 + 14) - (0 - -22)
-14
Evaluate -7 + (1 - 0) + 6 + -19 + 5.
-14
Calculate -12 + 42 + (7 - 29).
8
-8 - (-13 + (13 - (-27 - -15)))
-20
What is (-9 - -3) + 7 - 6 - 6?
-11
What is the value of 1 + -17 - -23 - (-10 + 1 - -1)?
15
What is the value of 8 - 1 - (24 - (-5 + -4 + 10))?
-16
What is -3 + (10 - 1) + (-17 - -12)?
1
What is 11 + (10 - 3) - 3?
15
What is the value of -3 + (4 - (5 + (6 - 12))) + -6?
-4
Calculate (1 - 1) + (9 - 8) + (-6 - 1).
-6
2 - 0 - 2 - (435 - 437)
2
1 - (-6 - 0 - (-19 - (-24 + 28)))
-16
What is the value of -27 + 29 - ((5 - 4) + 4)?
-3
What is the value of 210 + -221 + (-1 - -19)?
7
-10 + (3 - -8) - -11
12
Calculate (-7 - -32 - -10) + 0 + 9 + -6.
38
What is 6 + (-5 - ((-10 - 1) + -4))?
16
What is the value of -3 - (-5 + -4) - (7 + 4 + -2)?
-3
Calculate -20 - 12 - -48 - (6 + (1 - 1)).
10
What is -10 + 3 + -5 + 4 + 28 + 6?
26
Evaluate -68 + 71 + (10 - 35).
-22
0 + 11 - (-108 + 139)
-20
Evaluate -5 - (18 - 24 - 4).
5
Calculate 7 + (4 - (-12 + 7)) + 1.
17
What is the value of (13 - (13 - (-14 - -4))) + 7 + 1?
-2
(-5 - 1) + 9 + -3 + 10
10
Calculate -24 + (10 - (-28 - -39)).
-25
What is (-21 - (-7 - -4)) + -49 + 51 + -7?
-23
(-1 - -18) + (3 - (3 + -3))
20
Calculate 5 - -1 - (1 - (-5 - (-6 - -3))).
3
What is the value of 6 + (44 - 45 - (5 - (1 - 2)))?
-1
What is the value of 0 + -9 + 0 + 4?
-5
What is -2 - (-1 - 1) - (-78 + 75)?
3
Evaluate 14 + -3 - (15 - (-9 - -35)).
22
Calculate 3 - ((4 - 8 - (-11 - -3)) + -12).
11
What is (0 - -13) + -69 + 61 + -21 - 8?
-24
(-17 + 9 - -13 - (5 + -3)) + 3
6
What is the value of 3 + -6 + -5 + (-2 - -11) + 2?
3
What is 12 + -5 + 2 - (19 + -8)?
-2
What is the value of (1 - -8) + 14 + -43?
-20
What is the value of 10 + (43 - 61) - (11 - (-2 + 0))?
-21
-13 - (-35 - (-10 - -17 - 14))
15
What is the value of -1 + -30 - (20 + (17 - 27) + -19)?
-22
Calculate -11 + 38 - 14 - (3 - -33).
-23
-8 + 4 - (-43 - -25)
14
What is the value of (-261 - -228) + (-3 - -31)?
-5
What is the value of (19 - 23) + (1 - -4) + (1 - 1)?
1
-6 - (-24 + 14 - -10)
-6
Evaluate 0 - (1 - (-11 - -14)).
2
Calculate 25 - (33 - (36 - 13)).
15
Calculate (2 - (13 - 18)) + (-12 - 2).
-7
-3 + (3 - (-4 + 7)) + 7 - -5
9
What is the value of 0 + (-10 - 24 - -15)?
-19
What is the value of -27 + (-8 - -6) + 4 + -8 + 8?
-25
1 + -22 + (217 - 230 - (-19 - 2))
-13
Calculate 4 + (41 - 45) + (-6 - -1).
-5
Evaluate -4 + 6 - (-93 - -78).
17
What is -2 + 18 + -24 - (1 - 8)?
-1
What is the value of (13 - -2) + (-4 - (7 + -4))?
8
Calculate (-18 - -26) + -10 + 0 + 22.
20
What is the value of -2 + 3 - (3 - (-2 - (0 - 1)))?
-3
15 - (7 - (25 + -8 + -8 + -6))
11
4 + 33 + -6 - 17
14
What is 21 + (6 - -20 - 22)?
25
(4 + 4 - 17) + -15 + 41
17
Calculate (30 - (12 + -7)) + -2 + 4 + -7.
20
Calculate ((-1 - 2) + (5 - 3) - -1) + -9.
-9
Evaluate (-4 - (-2 + -3)) + (-38 - (9 - 32)).
-14
Calculate 40 - (4 + (-10 - -2) - (-16 - -11)).
39
What is the value of -23 - 0 - (-38 + -1 - -27)?
-11
What is 3 + -4 + 1 + 2 + (-16 - -14)?
0
Evaluate 3743 + -3727 + (-1 - 5) + 1.
11
What is the value of 0 + 31 + -18 + 15?
28
Calculate (16 - (-6 + 31) - -8) + -4.
-5
Calculate (-26 - -8) + -8 - -18.
-8
-2 - (1 - 7) - 14
-10
What is the value of 62 + (20 - 53) - 57?
-28
What is the value of -40 - (-7 + -32) - (-2 - -7 - -2)?
-8
Calculate 8 + 12 + (-10 - (13 + -15)).
12
What is 9 + (-21 - (6 - 4))?
-14
Calculate -8 - (-1 + -7) - ((2 - 3) + -3).
4
Calculate 120 -